x - h, -2*x + i + 132 = 3*h. What are the prime factors of x?
3, 23
Suppose 7*b = 9*b + 10*b. Suppose b = 13*z - 2239 + 640. What are the prime factors of z?
3, 41
Let d(x) = -x**2 + 2*x + 10. Let i be d(4). List the prime factors of (1664/(-120) - i/(-10))*-15.
5, 41
Let i be ((-596)/1)/(3 + -5). Let l = -179 + i. Let h = l + -34. List the prime factors of h.
5, 17
Let z(b) = -b**3 + 11*b**2 - 6*b + 4. Let v be z(5). Suppose 2*p + v = 654. Let w = p + -178. List the prime factors of w.
3, 29
Suppose -4*f - 11 = x, 13 = -5*f + f + x. What are the prime factors of f/(-3) - (9*30)/(-3)?
7, 13
What are the prime factors of ((-4953)/(-91))/(1/7)?
3, 127
Suppose 7*j + f + 220 = 3*j, 5*j = -3*f - 275. Let d = -53 + j. Let b = 248 + d. List the prime factors of b.
2, 5, 7
Let a(o) be the third derivative of -5/6*o**3 + 1/60*o**5 + 0 + 1/8*o**4 + 9*o**2 + 0*o. List the prime factors of a(5).
5, 7
Let j be (-4)/(-22) - (6 - (-1010)/110). Let p(c) = -c**3 - 13*c**2 - 7*c - 21. What are the prime factors of p(j)?
2, 3, 89
Suppose 25524 = 3*l - 13*a + 10*a, 3*l - 25524 = 2*a. List the prime factors of l.
2, 3, 709
Let l(a) = -10*a - 4 - 17*a**2 + 3*a + a**3 + 7*a. Let g be l(17). What are the prime factors of (9/2 + g)/(4/1592)?
199
Let d = -19929 + 35694. List the prime factors of d.
3, 5, 1051
Suppose -589 = -9*b - 10*b. Suppose b*x - 59 = 716. What are the prime factors of x?
5
Suppose 3*h - 10 = h, -1196 = 2*c + 4*h. Let y = 1284 + c. List the prime factors of y.
2, 13
Suppose -18 = 7*j - 4. Let g(t) = -147*t - 5. List the prime factors of g(j).
17
Suppose 0*m = -2*r + 4*m + 6, -2*r = -3*m - 7. Let h = r + -3. Suppose 0 = -4*l - h*w - w + 355, 2*l + w = 177. What are the prime factors of l?
2, 11
Let l be (-50)/(-10) + (2 - 8). List the prime factors of l + -6 - 2845/(-5).
2, 281
Let a(b) = -b**2 + 4*b + 5. Let n be a(5). Suppose 120 = -12*j - n*j. Let q(m) = m**2 + 11*m + 38. List the prime factors of q(j).
2, 7
Suppose -3*y = 2*l - 8765, 2*l - 3325 - 5447 = 4*y. Suppose -12*b - l = -20*b. What are the prime factors of b?
2, 137
Suppose 0*v = -6*v + 612. Let h = -57 + v. List the prime factors of (-6)/10 - (-7992)/h.
3, 59
Suppose -2124*x + 50484 = -2118*x. List the prime factors of x.
2, 7, 601
Let f(t) = t**3 + t**2 - t + 19. Suppose 2*u + 4*v = -20, -5*u - 6*v = -v + 25. Let j be f(u). Suppose -2*r + 127 = -j. What are the prime factors of r?
73
Let x(h) = -h**2 - 31*h - 106. Let b be x(-27). What are the prime factors of (-3660)/75*(-26 - (-3 + b))?
2, 5, 61
Let h be 1*198/(-18)*(-47 + 0). Suppose 5*t = 3*c + h, 0 = t - c + 43 - 148. What are the prime factors of t?
101
Suppose 3*u = u + b + 2808, 0 = -u + 2*b + 1392. What are the prime factors of u?
2, 11
Let b(g) be the third derivative of g**5/5 + 5*g**4/24 - 5*g**3 - 13*g**2. List the prime factors of b(5).
5, 59
Let c = -4757 - -9497. Suppose 6*p - c + 276 = 0. List the prime factors of p.
2, 3, 31
Suppose -4*f = -b + 12, -f + 0 = -4*b + 3. Suppose 25*v - 23*v + 3*s - 639 = b, -v + 318 = 2*s. List the prime factors of v.
2, 3
Suppose 30*l - 32*l + 4 = 0. Suppose -3*z + 581 = 4*n + l*z, 3*z = n - 141. What are the prime factors of n?
2, 3
Suppose 577 = -2*s + 4*w - 279, -3*s + w = 1309. Let m = 943 + s. What are the prime factors of m?
5, 101
Let y = -1678 + 2975. Let b = 1949 - y. What are the prime factors of b?
2, 163
What are the prime factors of 8/2*(-119637)/(-756)?
3, 211
Let w(u) = -476*u - 902. List the prime factors of w(-11).
2, 11, 197
Let t(s) = 134*s**2 - 11*s - 21. Let y be t(-5). What are the prime factors of (y/45)/(8/20)?
2, 47
Let x = 26830 - -14210. List the prime factors of x.
2, 3, 5, 19
Let d(z) = z**2 - 3. Let j be d(5). Let q be 28/(-1)*60/(-63)*198/55. Suppose 19*s + q = j*s. List the prime factors of s.
2
Let h = 386 - 383. Suppose -a = -3*q - 657, -2*q = -a + h*q + 659. List the prime factors of a.
2, 3, 109
Let d(h) = -2*h**2 + 6*h + 10. Let v be 8/(-2) + (-5 - -1) + 3. Let l be d(v). Let j = -21 - l. List the prime factors of j.
7
Let j(q) = -17*q - 2*q + 34*q - 9 + 49*q. List the prime factors of j(7).
439
Let b be (-1)/(-3) + (1 - 80/6). Let l(c) = -c**3 - 13*c**2 - 18*c - 8. List the prime factors of l(b).
2
Let q(z) = 3118*z**2 + 37*z + 71. List the prime factors of q(-2).
37, 337
Let y be (-6)/24 + 74/8. Let x be 1/5 - 4248/40. Let f = y - x. What are the prime factors of f?
5, 23
Let g = 4172 + -1310. What are the prime factors of g?
2, 3, 53
Suppose -5*q = 4*x - 1045, 3*x = -2*q - 3*q + 1045. Suppose q - 2594 = -5*j. Suppose 3*n - j = -5*d, 0 = 6*d - 2*d - 3*n - 387. What are the prime factors of d?
2, 3
Suppose 449 = -3*h + j - 18, -j = -2*h - 313. Let v = 110 - h. List the prime factors of v.
2, 3, 11
Let f = -39 - -34. Let a(j) = -15*j**3 + 4*j**2 + 8*j + 5. Let z be a(f). Suppose 11*h = h + z. What are the prime factors of h?
2, 97
Let v(t) = t**3 + 20*t**2 - 43*t - 11. What are the prime factors of v(9)?
1951
Suppose 95 = 7*w - 24. Let m be 3 + (4 - w*8). Let l = m + 290. What are the prime factors of l?
7, 23
Let o be (-45)/(-2) - 17/34. Suppose o*q - 14321 = -1253. List the prime factors of q.
2, 3, 11
Let a = -5482 - -5502. Let d(c) = 2*c - 4. Let h be d(4). Suppose 0 = l + 4*r - 106, 4*l - 304 = h*r + a. What are the prime factors of l?
2, 43
Let v = -8811 + 12939. Suppose -20*a = -24*a + 3*j + v, -2*a = -j - 2064. What are the prime factors of a?
2, 3, 43
Let f(h) = -9*h**3 - h - 7. Let s = 67 - 36. Suppose -5*p = -2*k + s - 10, 2*k + 19 = -3*p. List the prime factors of f(k).
67
Suppose -13*a + 4*t = -10*a + 400, a - t = -134. Let q = 67 + a. Let z = 121 + q. List the prime factors of z.
2, 13
Let x(q) = -5*q - 3. Suppose -16 = 6*g + 14. Let t be x(g). Suppose t*o + 218 = 24*o. List the prime factors of o.
109
Let z = 131 - 127. Suppose z*u + 5 = -u, 0 = 4*n - 3*u - 19. Suppose 2*r - 305 = b, -149 = -n*r + 4*b + 471. What are the prime factors of r?
2, 3, 5
Let a = -594 + 1510. Suppose 24*r = 20*r + 4*x + a, 0 = -5*r + 2*x + 1145. List the prime factors of r.
229
Suppose x = -6*z + 48958 + 90589, 2*x + 46532 = 2*z. What are the prime factors of z?
3, 7753
Let b(r) = 3*r**2 - 7*r + 4191. What are the prime factors of b(0)?
3, 11, 127
Suppose 3*g + 2408 - 327 = 5*u, 0 = 3*g + 6. Suppose -4*f = -n + u - 109, 4*f - 330 = -n. List the prime factors of n.
2, 3, 53
Let o(z) = -3*z - 22. Suppose 14*f = 19*f + 40. Let p be o(f). What are the prime factors of p/(-9) - (-2 - 1495/45)?
5, 7
Suppose 3*t + 32 = -5*t. Let y be ((-8)/20)/(t/50). Suppose -5*q + 620 = y*o, -4*o - q - 175 = -662. What are the prime factors of o?
11
Let m = 1865 + 10886. List the prime factors of m.
41, 311
Let q = 22666 + 52832. What are the prime factors of q?
2, 3, 12583
Let b(c) = -c**3 - 2*c**2 + 30*c + 81. Let g be b(-5). Let y(p) be the second derivative of p**4/12 + p**3/3 - 11*p**2/2 - p. List the prime factors of y(g).
37
Let s = 12791 + -10797. List the prime factors of s.
2, 997
Let y = 85692 + -54935. List the prime factors of y.
30757
Let h = 21100 - 21095. Let v(j) = -10*j - 30. Let m(c) = -9*c - 31. Let n(t) = 5*m(t) - 6*v(t). List the prime factors of n(h).
2, 5
What are the prime factors of (2/(-5))/(34/10) - 16941282/(-867)?
2, 5, 977
Let s(o) = 426*o**2 + 16*o + 142. What are the prime factors of s(-6)?
2, 7691
Suppose -n = -3*c + 4, 6*c + 13 = 2*c + 5*n. Suppose -5*d - 5 = 0, 2 = -t - c*d - 27. Let m = 37 + t. What are the prime factors of m?
11
Let s(k) = -k**3 + 3*k**2 + 7*k - 10. Let n(z) = z**3 - 17*z**2 - 2*z + 38. Suppose -12*y + 153 = -3*y. Let o be n(y). What are the prime factors of s(o)?
2
Let d = 104 - 97. Suppose -11*w + d*w = -28. Suppose -4*a = 2*n - 12, 0 = -3*n - w*a + 6*a + 28. What are the prime factors of n?
2, 5
Let f be (-35)/(-20)*4 + -1. Let i be (1/(5/f))/((-57)/(-380)). Suppose -6*r = -i*r + 108. List the prime factors of r.
2, 3
Let m(g) = 3*g + 4. Let f(l) = -l**3 + 3*l**2 + 4*l. Let q be f(4). Let w be m(q). Suppose w*o + 81 = 7*o. List the prime factors of o.
3
Let d = -81 - -138. Let w = -57 + d. Let a(u) = u**3 - 2*u + 126. What are the prime factors of a(w)?
2, 3, 7
Let t be ((-10)/(-4))/(7/(-98)). Let d = 19 - t. Suppose c - d = -0*c. List the prime factors of c.
2, 3
Let t(c) = -c**3 + 8*c - 5. Let z(m) = -m**2 + 5*m - 2. 